 1) + 7 + (-4 - 3)?
-1
(42 - 37) + -1 + 0
4
What is the value of -13 - -10 - (-6 - 2)?
5
What is -4 - ((10 - 8) + (-8 - -1))?
1
What is (0 - (-8 + 4)) + -3 + 3?
4
What is 4 - 0 - 7 - 1?
-4
What is the value of -5 - 2 - (1 - (-1 - -5))?
-4
What is (30 - 35) + 0 + 9?
4
What is -3 - -7 - (3 + (0 - 6))?
7
6 + -1 - (-1 - -15 - 1)
-8
Evaluate 16 - (-1 - (3 - 15)).
5
(47 - 47) + (-3 - 0)
-3
What is the value of 4 + (2 - (4 + -1 - 2))?
5
6 + 3 - (15 + -7 - 6)
7
What is -3 + (-3 - (-4 - 7))?
5
What is 0 - ((1 - (5 + 1)) + 0)?
5
(-1 - 1) + (-1 - -4 - 3)
-2
What is the value of 0 + -3 + 6 - (1 - -3)?
-1
-8 - (8 - 12) - (-12 - -2)
6
What is the value of (-5 - -5) + 5 - (-1 - -3)?
3
What is (1 - -7) + 13 + -28?
-7
What is the value of -4 + 13 - 6 - 6?
-3
What is (2 - (12 - 2)) + 17 + -10?
-1
(5 + -6 - 5) + 2
-4
What is 0 + (6 - 1) + (14 - 23)?
-4
What is (-2 + -2 - (-3 - 2)) + -1?
0
(10 - 10) + (2 - 4 - 4)
-6
What is the value of 6 + (-2 + -2 - (-1 - 2))?
5
Calculate -37 - -29 - (0 - (1 + 3)).
-4
What is -4 - ((-6 - -7) + -6)?
1
Evaluate -2 - (4 + -9 - -2).
1
What is 63 - 58 - (2 + 0)?
3
Calculate (1 - 6 - (-18 - -15)) + 7.
5
Evaluate 6 - (2 - (7 + -5)) - 4.
2
Calculate 4 - 1 - (22 + -7 + -14).
2
Calculate (-118 - -115) + (6 - 0).
3
Evaluate -5 + 1 - -4 - 6.
-6
What is 0 + (-3 - -6) + -1 + -2?
0
Calculate 3 + -8 + (-10 - -4 - -7).
-4
Evaluate (9 - 2) + (7 - 17) + 8.
5
Calculate 26 + -10 + -17 + 10.
9
What is the value of 3 + (-3 - (-6 + 2) - 2)?
2
What is 1 - (2 + (-4 - -1) + 0)?
2
Evaluate 5 + (-3 - (4 - 2)).
0
Evaluate (2 - 1) + -2 - (151 + -148).
-4
Calculate -2 + (0 - 11) + -49 + 57.
-5
Evaluate 1 + (8 - 4) - 11.
-6
-1 + -2 + (0 - 3 - -1)
-5
What is 1 + (3 - 2 - -2)?
4
What is (-4 - (8 + 3 + -7)) + 3?
-5
Evaluate (3 + (1 - 1) - 0) + -1.
2
Calculate 2 - (2 + -9 + 5).
4
What is 1 + 2 - (21 + -10)?
-8
What is 2 + (7 - 5 - (5 - 2))?
1
Evaluate 14 + -13 - (2 + -4 - -5).
-2
-7 + 13 - (-4 + 4)
6
Evaluate 5 - 1 - (-2 - -5).
1
(-1 - -4) + 1 + -7 + 1
-2
Evaluate 0 - ((-10 - -6) + 1).
3
What is the value of -2 - (-11 - 2) - (-12 - -13)?
10
What is the value of 8 - (-1 - -3) - 3?
3
Evaluate (-7 - -3) + -1 + 6 - 2.
-1
What is the value of 3 + (-3 - 0) + -6?
-6
What is the value of -5 + 0 + 3 + 2?
0
Evaluate 1 - -1 - -2 - (3 + -1).
2
What is 0 - ((-1 - 0) + 9 + -6)?
-2
What is the value of 7 - (-1 + 2 - (-4 - -6))?
8
(-3 - 2) + 1 + 2
-2
What is the value of -1 + 1 - (-94 - -88)?
6
-6 + 4 + 0 - (7 + -6)
-3
14 - ((8 - 8) + 16)
-2
(-69 - -71) + (1 - (0 - 1))
4
-5 + (5 - -5) - (-2 - -2)
5
Calculate (5 - (1 + -1)) + (298 - 302).
1
-6 + 4 + 0 - (2 - 4)
0
Calculate -31 + 30 + 0 + -4.
-5
Calculate -1 + (7 + 5 + -9 - -4).
6
What is the value of 10 + -7 + -5 + 7?
5
What is -51 + 30 - (-4 - 6)?
-11
8 + -17 + 10 + -1
0
What is 5 + (3 - (-2 - (7 - 19)))?
-2
What is the value of 1 + 2 - ((7 - -1) + -1)?
-4
Evaluate 3 - ((0 - -1) + 0).
2
Calculate -1 + -1 + 0 + 7.
5
(1 - 0) + -1 - (0 - 0)
0
What is the value of 1 + 4 + -5 + 5 + -5?
0
Calculate 10 + -6 - 17 - -21.
8
Calculate 6 - (-2 - -7) - (-4 - 1).
6
What is -7 + (12 - (-5 + 11))?
-1
Calculate -1 + (6 - 0) + 15 + -21.
-1
Calculate -4 + (1 - 3 - (-15 - -9)).
0
Calculate -11 - (-3 - (1 - -1)) - -11.
5
-3 + (-1 - (-1 + -9))
6
Evaluate (9 - 9) + (2 - 0) - 0.
2
What is 0 - -3 - (12 - (-4 - -9))?
-4
What is the value of -8 + 10 - (1 - 0 - 4)?
5
Evaluate 7 - (-2 - (-17 + 5)).
-3
What is the value of 5 - ((-5 - -1) + 6)?
3
(-9 - -2) + (2 - -3) + 3
1
What is 1 + (-1 - (5 + -3)) + -3?
-5
What is (-5 + 3 - -4) + 0?
2
0 + (-2 - (2 + -3 + -4))
3
Calculate -4 + 3 + -4 + 6.
1
What is (6 - 0) + 2 + (4 - 10)?
2
Calculate -5 - -4 - -5 - -1.
5
Evaluate (-5 + 2 - (-6 - -2)) + 3.
4
Calculate 5 + 0 - -5 - (-2 - -6).
6
What is the value of -1 + -4 - (0 - -1) - -1?
-5
Evaluate (1 - 1) + 2 + -59 + 57.
0
14 - (26 - 13) - (1 - 1)
1
Calculate 7 + (5 - 3) + -8.
1
(14 - 1) + 23 + -30
6
What is the value of -2 - (-2 + -3 - 4)?
7
Evaluate 4 - 15 - (-3 - 2).
-6
Evaluate -1 - (1 + (1 - 3) - -1).
-1
Evaluate -1 - (1 + -1) - -1.
0
Evaluate (-12 - -4) + 4 - -9.
5
Evaluate -1 + (-6 - -1 - (0 + -5)).
-1
Calculate (6 - 2) + (-9 - 3 - -16).
8
Calculate -4 - (-1 + -5 + 3).
-1
What is 3 + 4 + (-2 - 2) + 1?
4
What is 2 + -13 + (-3 - -8)?
-6
What is -5 + 7 + 4 + -13?
-7
What is (1 - (0 - -3)) + 4?
2
Evaluate 0 + (1 - (-4 - -8) - -11).
8
-2 - 2 - (-7 - -13 - 3)
-7
What is the value of -5 + 5 - (6 - (6 - 5))?
-5
Calculate -47 + 42 + 2 + 4.
1
What is the value of 1 - (-6 - -12) - -11 - 12?
-6
-4 + (10 - (1 - -1)) + -3
1
What is 4 + -4 + -5 - -5?
0
1 - -6 - (3 - 2 - -3)
3
What is the value of -2 + -6 + 3 + -2 + 4?
-3
Evaluate 2 - ((-5 - -1) + 2 - -3).
1
Evaluate 0 + -1 + (-4 - -1 - -7).
3
What is 1 + ((1 - 3) + 2 - 1)?
0
Evaluate 5 - (-7 + (1 + -5 - -13)).
3
Calculate 7 + (-6 - -3) + 0 + -10.
-6
What is the value of 1 + (8 + 2 + -5 - 1)?
5
Evaluate -2 + -2 + 3 - -1 - -3.
3
Calculate 5 - (7 + (-2 - 0)).
0
Calculate -1 - -1 - (-42 - -47).
-5
-4 + 8 + (-4 - -3) + -1
2
Calculate -4 + (2 - 3 - -5) + -1.
-1
Evaluate -10 - -3 - (-6 - -3).
-4
Evaluate 1 - ((4 - 5) + -1) - -4.
7
(-4 - (0 - 2)) + (3 - 5)
-4
What is (13 - 20) + 6 + 0?
-1
What is 0 + (10 - (-2 - -7))?
5
What is the value of 6 + -4 - 14 - (0 - 3)?
-9
Evaluate 7 + 0 + 0 + -5.
2
0 + 0 + 4 + (-8 - -5)
1
What is 6 + (-2 - (-9 - -16))?
-3
0 + 10 - (48 + -34)
-4
What is the value of (1 - (-1 + 1)) + (-20 - -19)?
0
What is -1 - (-1 + 2) - (1 - 2)?
-1
What is the value of (-5 - (0 + 0)) + 70 + -57?
8
Calculate 4 - (0 + 8 - (1 + -2)).
-5
Evaluate 0 + -2 + 3 + -4.
-3
What is the value of 0 - (0 + 2 + 2)?
-4
What is 1 + (-3 - (-4 + 0)) - -3?
5
Evaluate 9 - (9 - 7 - -6).
1
(12 - 10) + -2 + 2
2
1 + -2 + -3 - -4 - 4
-4
Calculate -8 - -2 - (-1 + 0) - -2.
-3
Evaluate (-5 - (-2 + -4) - 6) + 12.
7
(5 - (0 + 2)) + 2
5
Calculate -5 - (-16 - (-5 + -1)).
5
110 + -97 + 0 + -18
-5
Calculate (-3 - 0) + 6 - 3.
0
Calculate 1 - (-3 + 0 - (-18 - -18)).
4
Calculate -2 - (-5 + 9 + -5 - -1).
-2
Calculate -2 + (-1 + -4 - (-17 + 16)).
-6
2 + 4 + (-7 - -6)
5
What is the value of 13 + (13 - 13) - 19?
-6
Evaluate 12 - (11 - (-8 + 4 - -12)).
9
What is -4 - (0 + 4 + -4 - 4)?
0
Evaluate -1 + -8 + (-11 - -12 - -2).
-6
What is the value of -4 + 1 + 9 + 1 + -2?
5
Evaluate 1 - (2 - 3) - (-1 + -2).
5
What is -1 - 3 - (5 - 7)?
-2
Calculate (-13 - -18) + (-12 - -4).
-3
Calculate -3 - (1 + 0) - (-7 - -2).
1
What is 13 + -4 + -5 + -7?
-3
What is -4 - (-19 - -7 - -6)?
2
Evaluate 4 - (9 - 5 - (2 - -3)).
5
Calculate -1 + 9 + -5 + -4.
-1
Evaluate -3 + 1 + 2 + 0 + -4.
-4
What is 0 + (3 - 3) + -3 - -2?
-1
Calculate -1 + (-2 - -2) + 2 - 6.
-5
(9 - 17) + 11 + (3 - 10)
-4
4 - (-3 - (-11 + 1) - 2)
-1
What is the value of -2 + -1 - (-9 - -7)?
-1
3 + (5 - 10) + 0
-2
What is (8 + -16 - -6) + 2?
0
What is 3 + (4 - 3) - -1?
5
Evaluate (-7 - 0) + (0 - (-3 - 1)).
-3
What is the value of 1 + -1 - (1 - 0)?
-1
(-6 - -7) + 2 - (4 + 2)
-3
What is -2 - (2 - 1 - -2)?
-5
What is the value of -2 + (2 - (-7 - (-3 + 0)))?
4
Evaluate 7 + -8 - (2 - 4).
1
What is the value of (-2 - (-5 - -1)) + -4?
-2
What is 6 - (3 + 9) - -4 - 2?
-4
What is the value of 0 - (-1 + (11 - 6))?
-4
What is 1 + -1 + 2 - 3 - -4?
3
Calculate 9 + (-4 - -4) + -4.
5
Calculate -3 - 0 - (7 + -6).
-4
Calculate 3 + -1 + 0 + 2.
4
Evaluate 4 + 8 + -7 + -7.
-2
Calculate -8 + 1 + 3 - 0.
-4
What is the value of (4 - 10) + (2 - -1)?
-3
Evaluate (-3 + -1 - 0) + 7 + 3.
6
Calculate (0 - 0 - 0) + 3.
3
-13 + (-12 - -27) + -1 + 7
8
Evaluate (-3 - (-4 - -3)) + -4 + 2.
-4
Calculate (3 - -1) + -6 + 3 + -4.
-3
Calculate 5 + 1 + -3 + 0.
3
Calculate 2 + -1 - -1 - (3 - 6).
5
Calculate 4 + 1 - 2 - (2 - -2).
-1
Evaluate (9 - (-3 + 12)) + -5 + 2.
-3
What is 0 - 1 - (25 + -23)?
-3
What is the value of (5 - 4 - -2 - 2) + 2?
3
What is -22 - -18 - (3 - 1)?
-6
Calculate 0 - (-2 - (-1 - -1)) - -4.
6
-5 + 11 + -6 - 3
-3
What is the value of -4 + 0 + 1 + 2?
-1
What is the value of -2 - ((-1 - 0) + 2)?
-3
What is the value of 0 + 0 - (-10 + 4) - -1?
7
Evaluate 0 - (-9 + (-4 - -12)).
1
What is the value of (-5 + 2 - -2 - -1) + 2?
2
What is 2 + (14 - 9) + 2 + -1?
8
What is the value of -22 + 25 - (-1 - (1 + 0))?
5
Calculate 2 + 1 + -1 + (12 - 9).
5
-4 + (5 - 0) + (-5 - 5)
-9
What is the value of 3 + (5 + -7 - (10 + -20))?
11
Calculate 1 - 3 - 0 - 2.
-4
1 + -4